{"id":78,"date":"2022-08-22T12:44:58","date_gmt":"2022-08-22T12:44:58","guid":{"rendered":"https:\/\/motylemontessori.pl\/?page_id=78"},"modified":"2023-01-11T18:21:11","modified_gmt":"2023-01-11T18:21:11","slug":"organizacja","status":"publish","type":"page","link":"https:\/\/motylemontessori.pl\/?page_id=78","title":{"rendered":"Organizacja Przedszkola"},"content":{"rendered":"\n<p><\/p>\n\n\n\n<ul class=\"wp-block-list\">\n<li>Przedszkole czynne jest od poniedzia\u0142ku do pi\u0105tku w godzinach 8.00 \u2013 17.00, wy\u0142\u0105czaj\u0105c dni \u015bwi\u0105tecznych oraz dni ustawowo wolnych od pracy.<\/li>\n<\/ul>\n\n\n\n<ul class=\"wp-block-list\">\n<li>Nie istnieje podzia\u0142 na grupy wiekowe. Zgodnie z ide\u0105 pedagogiki Montessori prowadzimy grup\u0119 mieszan\u0105 wiekowo dostosowuj\u0105c zaj\u0119cia do mo\u017cliwo\u015bci ka\u017cdego dziecka<\/li>\n<\/ul>\n\n\n\n<ul class=\"wp-block-list\">\n<li>Zaj\u0119cia dydaktyczne organizowane s\u0105 zar\u00f3wno w budynku przedszkola, jak i na zewn\u0105trz.<\/li>\n<\/ul>\n\n\n\n<ul class=\"wp-block-list\">\n<li>Po godzinie 13.30 prowadzone s\u0105 zaj\u0119cia wyciszaj\u0105ce, o mniejszej aktywno\u015bci ruchowej. Dzieci potrzebuj\u0105ce drzemki odpoczywaj\u0105 na materacach.<\/li>\n<\/ul>\n\n\n\n<p><\/p>\n","protected":false},"excerpt":{"rendered":"","protected":false},"author":2,"featured_media":0,"parent":0,"menu_order":0,"comment_status":"closed","ping_status":"closed","template":"","meta":{"footnotes":""},"class_list":["post-78","page","type-page","status-publish","hentry"],"_links":{"self":[{"href":"https:\/\/motylemontessori.pl\/index.php?rest_route=\/wp\/v2\/pages\/78","targetHints":{"allow":["GET"]}}],"collection":[{"href":"https:\/\/motylemontessori.pl\/index.php?rest_route=\/wp\/v2\/pages"}],"about":[{"href":"https:\/\/motylemontessori.pl\/index.php?rest_route=\/wp\/v2\/types\/page"}],"author":[{"embeddable":true,"href":"https:\/\/motylemontessori.pl\/index.php?rest_route=\/wp\/v2\/users\/2"}],"replies":[{"embeddable":true,"href":"https:\/\/motylemontessori.pl\/index.php?rest_route=%2Fwp%2Fv2%2Fcomments&post=78"}],"version-history":[{"count":6,"href":"https:\/\/motylemontessori.pl\/index.php?rest_route=\/wp\/v2\/pages\/78\/revisions"}],"predecessor-version":[{"id":675,"href":"https:\/\/motylemontessori.pl\/index.php?rest_route=\/wp\/v2\/pages\/78\/revisions\/675"}],"wp:attachment":[{"href":"https:\/\/motylemontessori.pl\/index.php?rest_route=%2Fwp%2Fv2%2Fmedia&parent=78"}],"curies":[{"name":"wp","href":"https:\/\/api.w.org\/{rel}","templated":true}]}}