{"id":6,"date":"2022-08-16T06:29:44","date_gmt":"2022-08-16T06:29:44","guid":{"rendered":"https:\/\/motylemontessori.pl\/?page_id=6"},"modified":"2022-09-13T08:03:39","modified_gmt":"2022-09-13T08:03:39","slug":"o-nas","status":"publish","type":"page","link":"https:\/\/motylemontessori.pl\/?page_id=6","title":{"rendered":"O nas"},"content":{"rendered":"\n<ul class=\"wp-block-list\"><li>Tworzymy miejsce, w kt\u00f3rym pracuj\u0105 ludzie z pasj\u0105. Wyj\u0105tkowo\u015b\u0107 naszego przedszkola polega na \u0142\u0105czeniu idei rozwoju dziecka w blisko\u015bci oraz czerpaniu inspiracji z wychowania i edukacji w duchu Pedagogiki Marii Montessori.<\/li><\/ul>\n\n\n\n<ul class=\"wp-block-list\"><li>Naszym celem jest r\u00f3wnie\u017c to, aby dzieci mia\u0142y jak najwi\u0119cej kontaktu z natur\u0105. Dlatego pobliski las jest najlepszym miejscem na spacery, beztroskie zabawy oraz pozwala eksplorowa\u0107 \u015bwiat przyrody, dzi\u0119ki czemu dzieci doznaj\u0105 wyj\u0105tkowej stymulacji oraz do\u015bwiadczaj\u0105 naturalnej nauki, tak wa\u017cnej dla ich rozwoju.<\/li><\/ul>\n\n\n\n<ul class=\"wp-block-list\"><li>Nasi wychowawcy s\u0105 jednocze\u015bnie terapeutami Integracji Sensorycznej, dzi\u0119ki czemu doskonale rozumiej\u0105 potrzeby i mo\u017cliwo\u015bci ka\u017cdego dziecka.<\/li><\/ul>\n\n\n\n<ul class=\"wp-block-list\"><li>Dzi\u0119ki sali Integracji Sensorycznej, dzieci maj\u0105 mo\u017cliwo\u015b\u0107 korzystania z niej w ramach codziennych zaj\u0119\u0107.<\/li><\/ul>\n\n\n\n<p><strong>Nasza przestrze\u0144<\/strong>:<\/p>\n\n\n\n<ul class=\"wp-block-list\"><li>Sala BRZOZOWY LAS \u2013 nawi\u0105zuje do natury. To sala przeznaczona na codzienne zaj\u0119cia edukacyjne, a tak\u017ce zabaw\u0119 i kontakt z natur\u0105.<\/li><\/ul>\n\n\n\n<ul class=\"wp-block-list\"><li>Sala LAWENDOWA \u0141\u0104KA \u2013 to sala wyposa\u017cona w sprz\u0119t i akcesoria wykorzystywane podczas terapii Integracji Sensorycznej. Jest to miejsce zar\u00f3wno \u0107wicze\u0144, zabaw, jak i odpoczynku. Urz\u0105dzona zosta\u0142a w taki spos\u00f3b, aby po aktywno\u015bci, dzieci mia\u0142y zapewnion\u0105 stref\u0119 do wyciszenia, drzemki, relaksu.<\/li><\/ul>\n\n\n\n<ul class=\"wp-block-list\"><li>LAS \u2013 w pobli\u017cu naszego przedszkola znajduje si\u0119 las, kt\u00f3rym opiekuje si\u0119 Nadle\u015bnictwo Drewnica. Jest to miejsce, w kt\u00f3rym kr\u00f3luje wiele gatunk\u00f3w ro\u015blin oraz zwierz\u0105t.<br>Z pewno\u015bci\u0105 nie ma lepszego miejsca do zabawy i edukacji.<\/li><\/ul>\n\n\n\n<figure class=\"wp-block-gallery has-nested-images columns-default is-cropped wp-block-gallery-1 is-layout-flex wp-block-gallery-is-layout-flex\">\n<figure class=\"wp-block-image size-large\"><img loading=\"lazy\" decoding=\"async\" width=\"1905\" height=\"2560\" data-id=\"272\" src=\"https:\/\/motylemontessori.pl\/wp-content\/uploads\/2022\/09\/34-scaled.jpg\" alt=\"\" class=\"wp-image-272\" srcset=\"https:\/\/motylemontessori.pl\/wp-content\/uploads\/2022\/09\/34-scaled.jpg 1905w, https:\/\/motylemontessori.pl\/wp-content\/uploads\/2022\/09\/34-223x300.jpg 223w, https:\/\/motylemontessori.pl\/wp-content\/uploads\/2022\/09\/34-762x1024.jpg 762w, https:\/\/motylemontessori.pl\/wp-content\/uploads\/2022\/09\/34-768x1032.jpg 768w, https:\/\/motylemontessori.pl\/wp-content\/uploads\/2022\/09\/34-1143x1536.jpg 1143w, https:\/\/motylemontessori.pl\/wp-content\/uploads\/2022\/09\/34-1524x2048.jpg 1524w\" sizes=\"auto, (max-width: 1905px) 100vw, 1905px\" \/><\/figure>\n\n\n\n<figure class=\"wp-block-image size-large\"><img loading=\"lazy\" decoding=\"async\" width=\"1920\" height=\"2560\" data-id=\"276\" src=\"https:\/\/motylemontessori.pl\/wp-content\/uploads\/2022\/09\/24-scaled.jpg\" alt=\"\" class=\"wp-image-276\" srcset=\"https:\/\/motylemontessori.pl\/wp-content\/uploads\/2022\/09\/24-scaled.jpg 1920w, https:\/\/motylemontessori.pl\/wp-content\/uploads\/2022\/09\/24-225x300.jpg 225w, https:\/\/motylemontessori.pl\/wp-content\/uploads\/2022\/09\/24-768x1024.jpg 768w, https:\/\/motylemontessori.pl\/wp-content\/uploads\/2022\/09\/24-1152x1536.jpg 1152w, https:\/\/motylemontessori.pl\/wp-content\/uploads\/2022\/09\/24-1536x2048.jpg 1536w\" sizes=\"auto, (max-width: 1920px) 100vw, 1920px\" \/><\/figure>\n\n\n\n<figure class=\"wp-block-image size-large\"><img loading=\"lazy\" decoding=\"async\" width=\"2560\" height=\"1244\" data-id=\"270\" src=\"https:\/\/motylemontessori.pl\/wp-content\/uploads\/2022\/09\/14-scaled.jpg\" alt=\"\" class=\"wp-image-270\" srcset=\"https:\/\/motylemontessori.pl\/wp-content\/uploads\/2022\/09\/14-scaled.jpg 2560w, https:\/\/motylemontessori.pl\/wp-content\/uploads\/2022\/09\/14-300x146.jpg 300w, https:\/\/motylemontessori.pl\/wp-content\/uploads\/2022\/09\/14-1024x498.jpg 1024w, https:\/\/motylemontessori.pl\/wp-content\/uploads\/2022\/09\/14-768x373.jpg 768w, https:\/\/motylemontessori.pl\/wp-content\/uploads\/2022\/09\/14-1536x747.jpg 1536w, https:\/\/motylemontessori.pl\/wp-content\/uploads\/2022\/09\/14-2048x996.jpg 2048w\" sizes=\"auto, (max-width: 2560px) 100vw, 2560px\" \/><\/figure>\n\n\n\n<figure class=\"wp-block-image size-large\"><img loading=\"lazy\" decoding=\"async\" width=\"2090\" height=\"2560\" data-id=\"266\" src=\"https:\/\/motylemontessori.pl\/wp-content\/uploads\/2022\/09\/12-scaled.jpg\" alt=\"\" class=\"wp-image-266\" srcset=\"https:\/\/motylemontessori.pl\/wp-content\/uploads\/2022\/09\/12-scaled.jpg 2090w, https:\/\/motylemontessori.pl\/wp-content\/uploads\/2022\/09\/12-245x300.jpg 245w, https:\/\/motylemontessori.pl\/wp-content\/uploads\/2022\/09\/12-836x1024.jpg 836w, https:\/\/motylemontessori.pl\/wp-content\/uploads\/2022\/09\/12-768x941.jpg 768w, https:\/\/motylemontessori.pl\/wp-content\/uploads\/2022\/09\/12-1254x1536.jpg 1254w, https:\/\/motylemontessori.pl\/wp-content\/uploads\/2022\/09\/12-1672x2048.jpg 1672w\" sizes=\"auto, (max-width: 2090px) 100vw, 2090px\" \/><\/figure>\n\n\n\n<figure class=\"wp-block-image size-large\"><img loading=\"lazy\" decoding=\"async\" width=\"1913\" height=\"2560\" data-id=\"249\" src=\"https:\/\/motylemontessori.pl\/wp-content\/uploads\/2022\/09\/48-scaled.jpg\" alt=\"\" class=\"wp-image-249\" srcset=\"https:\/\/motylemontessori.pl\/wp-content\/uploads\/2022\/09\/48-scaled.jpg 1913w, https:\/\/motylemontessori.pl\/wp-content\/uploads\/2022\/09\/48-224x300.jpg 224w, https:\/\/motylemontessori.pl\/wp-content\/uploads\/2022\/09\/48-765x1024.jpg 765w, https:\/\/motylemontessori.pl\/wp-content\/uploads\/2022\/09\/48-768x1028.jpg 768w, https:\/\/motylemontessori.pl\/wp-content\/uploads\/2022\/09\/48-1148x1536.jpg 1148w, https:\/\/motylemontessori.pl\/wp-content\/uploads\/2022\/09\/48-1531x2048.jpg 1531w\" sizes=\"auto, (max-width: 1913px) 100vw, 1913px\" \/><\/figure>\n\n\n\n<figure class=\"wp-block-image size-large\"><img loading=\"lazy\" decoding=\"async\" width=\"1920\" height=\"2560\" data-id=\"246\" src=\"https:\/\/motylemontessori.pl\/wp-content\/uploads\/2022\/09\/4-scaled.jpg\" alt=\"\" class=\"wp-image-246\" srcset=\"https:\/\/motylemontessori.pl\/wp-content\/uploads\/2022\/09\/4-scaled.jpg 1920w, https:\/\/motylemontessori.pl\/wp-content\/uploads\/2022\/09\/4-225x300.jpg 225w, https:\/\/motylemontessori.pl\/wp-content\/uploads\/2022\/09\/4-768x1024.jpg 768w, https:\/\/motylemontessori.pl\/wp-content\/uploads\/2022\/09\/4-1152x1536.jpg 1152w, https:\/\/motylemontessori.pl\/wp-content\/uploads\/2022\/09\/4-1536x2048.jpg 1536w\" sizes=\"auto, (max-width: 1920px) 100vw, 1920px\" \/><\/figure>\n<\/figure>\n","protected":false},"excerpt":{"rendered":"<p>Tworzymy miejsce, w kt\u00f3rym pracuj\u0105 ludzie z pasj\u0105. Wyj\u0105tkowo\u015b\u0107 naszego przedszkola polega na \u0142\u0105czeniu idei rozwoju dziecka w blisko\u015bci oraz czerpaniu inspiracji z wychowania i edukacji w duchu Pedagogiki Marii Montessori. Naszym celem jest r\u00f3wnie\u017c to, aby dzieci mia\u0142y jak &hellip; <\/p>\n","protected":false},"author":2,"featured_media":0,"parent":0,"menu_order":0,"comment_status":"closed","ping_status":"closed","template":"","meta":{"footnotes":""},"class_list":["post-6","page","type-page","status-publish","hentry"],"_links":{"self":[{"href":"https:\/\/motylemontessori.pl\/index.php?rest_route=\/wp\/v2\/pages\/6","targetHints":{"allow":["GET"]}}],"collection":[{"href":"https:\/\/motylemontessori.pl\/index.php?rest_route=\/wp\/v2\/pages"}],"about":[{"href":"https:\/\/motylemontessori.pl\/index.php?rest_route=\/wp\/v2\/types\/page"}],"author":[{"embeddable":true,"href":"https:\/\/motylemontessori.pl\/index.php?rest_route=\/wp\/v2\/users\/2"}],"replies":[{"embeddable":true,"href":"https:\/\/motylemontessori.pl\/index.php?rest_route=%2Fwp%2Fv2%2Fcomments&post=6"}],"version-history":[{"count":7,"href":"https:\/\/motylemontessori.pl\/index.php?rest_route=\/wp\/v2\/pages\/6\/revisions"}],"predecessor-version":[{"id":295,"href":"https:\/\/motylemontessori.pl\/index.php?rest_route=\/wp\/v2\/pages\/6\/revisions\/295"}],"wp:attachment":[{"href":"https:\/\/motylemontessori.pl\/index.php?rest_route=%2Fwp%2Fv2%2Fmedia&parent=6"}],"curies":[{"name":"wp","href":"https:\/\/api.w.org\/{rel}","templated":true}]}}