{"id":543,"date":"2022-10-23T15:47:15","date_gmt":"2022-10-23T15:47:15","guid":{"rendered":"https:\/\/motylemontessori.pl\/?page_id=543"},"modified":"2022-10-23T17:33:22","modified_gmt":"2022-10-23T17:33:22","slug":"integracja-sensoryczna","status":"publish","type":"page","link":"https:\/\/motylemontessori.pl\/?page_id=543","title":{"rendered":"Integracja Sensoryczna"},"content":{"rendered":"\n<p>Integracja Sensoryczna jest to proces, w kt\u00f3rym m\u00f3zg organizuje docieraj\u0105ce do niego informacje p\u0142yn\u0105ce z cia\u0142a i \u015brodowiska, po czym wysy\u0142a odpowiedni\u0105 reakcj\u0119.<strong> <\/strong>Zmys\u0142y podstawowe dla integracji sensorycznej<strong> (dotyk, r\u00f3wnowaga oraz czucie cia\u0142a) <\/strong>maj\u0105 zasadnicze znaczenie w naszym codziennym funkcjonowaniu.<\/p>\n\n\n\n<p><strong>Zmys\u0142y<\/strong> <strong>wsp\u00f3\u0142dzia\u0142aj\u0105<\/strong> ze sob\u0105, tworz\u0105c skomplikowany system zale\u017cno\u015bci. Informacje od <strong>WSZYSTKICH<\/strong> zmys\u0142\u00f3w s\u0105:<br>\u2013 <strong>rejestrowane<\/strong> \/ <strong>rozpoznawane<\/strong> \/ <strong>sortowane<\/strong>, nast\u0119pnie<br>\u2013 <strong>organizowane w sp\u00f3jn\u0105 ca\u0142o\u015b\u0107\u00a0 , <\/strong>oraz<br>\u2013 <strong>interpretowane<\/strong> <br>tak by mog\u0142y by\u0107 wykorzystane w <strong>celowym<\/strong> i <strong>efektywnym<\/strong> dzia\u0142aniu.<\/p>\n\n\n\n<p>Nieprawid\u0142owe dzia\u0142anie kt\u00f3rego\u015b z tych uk\u0142ad\u00f3w lub zmys\u0142\u00f3w mo\u017ce prowadzi\u0107 do zaburze\u0144 w zakresie integracji\u00a0 sensorycznej<strong>.<\/strong> Maj\u0105 one miejsce, gdy m\u00f3zg nie jest zdolny do prawid\u0142owego przetwarzania bod\u017ac\u00f3w zmys\u0142owych. <\/p>\n\n\n\n<p><strong><mark style=\"background-color:rgba(0, 0, 0, 0)\" class=\"has-inline-color has-vivid-cyan-blue-color\">Nieprawid\u0142owe procesy integracji sensorycznej wp\u0142ywaj\u0105 negatywnie na rozw\u00f3j ruchowy, poznawczy i emocjonalno-spo\u0142eczny<\/mark>. <\/strong>Dziecko w\u00f3wczas ma trudno\u015bci z:<\/p>\n\n\n\n<ul class=\"wp-block-list\"><li><strong>wykonaniem i zaplanowaniem <\/strong>w\u0142asnych dzia\u0142a\u0144<\/li><li><strong>koordynacj\u0105 wzrokowo-ruchow\u0105<\/strong><\/li><li>mo\u017ce by\u0107 <strong>nadmiernie emocjonalne (wybuchowe \/ impulsywne) <\/strong><\/li><li><strong>nadmiernie ruchliwe<\/strong> lub <strong>zbyt niski poziom aktywno\u015bci ruchowej<\/strong><\/li><li><strong>k\u0142opoty z koncentracj\u0105 uwagi<\/strong><\/li><li>op\u00f3\u017anienia w<strong> rozwoju mowy<\/strong><\/li><li>problem<strong> z nabyciem umiej\u0119tno\u015bci szkolnych (pisania czy czytania)<\/strong><\/li><li><strong>zaburzeniami snu<\/strong><\/li><li>i innymi problemami.<\/li><\/ul>\n\n\n\n<p class=\"has-text-align-left\"><strong>Oznakami zaburze\u0144<\/strong> integracji sensorycznej, mog\u0105 by\u0107 <strong>nadwra\u017cliwo\u015b\u0107<\/strong> na bod\u017ace: dotykowe, ruchowe, w\u0119chowe czy wzrokowe, lub <strong>ich poszukiwanie<\/strong>. Zauwa\u017cy\u0107 je mo\u017cna, gdy dziecko:<br><br>\u2022 nieustannie si\u0119 wierci<br>\u2022 jest nieporadne i sprawia wra\u017canie niezgrabnego<br>\u2022 nie mo\u017ce si\u0119 skupi\u0107 \/ cz\u0119sto si\u0119 rozprasza<br>\u2022 ma problemy z noszeniem ciasnych ubra\u0144 \/metkami \/ golfami<br>\u2022 zatyka uszy \/ krzyczy \/ sprawia wra\u017canie jak by nie s\u0142ysza\u0142o<br>\u2022 nie lubi chodzi\u0107 boso, obcina\u0107 w\u0142os\u00f3w czy paznokci<br>\u2022 ma wybi\u00f3rczo\u015b\u0107 pokarmow\u0105<br>lub wykazuje inne niepokoj\u0105ce zachowania&#8230;<br><\/p>\n\n\n\n<p>Ta metoda pracy z dzieckiem cz\u0119sto bywa nazywana <strong>Nauk\u0105 Poprzez Zabaw\u0119<\/strong>, poniewa\u017c zaj\u0119cia, zachowuj\u0105c poz\u00f3r jedynie weso\u0142ej zabawy, dostarczaj\u0105 dziecku tych bod\u017ac\u00f3w, na kt\u00f3re jego system nerwowy ma najwi\u0119ksze zapotrzebowanie.<\/p>\n\n\n\n<p><mark style=\"background-color:rgba(0, 0, 0, 0)\" class=\"has-inline-color has-vivid-cyan-blue-color\">Zaj\u0119cia Integracji Sensorycznej, poprawiaj\u0105:<\/mark><\/p>\n\n\n\n<p>\u2022 <strong>motoryk\u0119 \/ koordynacj\u0119 <\/strong>-> mo\u017ce poprawi\u0107 ca\u0142o\u015bciowe funkcjonowanie \/ lepszy rozw\u00f3j kontroli nad cia\u0142em (\u015bwiadomo\u015b\u0107 cia\u0142a)<br>\u2022 <strong>zachowanie \/ czytanie i rysowanie \/ mo\u017cliwo\u015bci intelektualne <\/strong>-> gotowo\u015b\u0107 do nauki<br>\u2022 <strong>koncentracj\u0119<\/strong> -> pozwoli\u0107 unikn\u0105\u0107 marnowania czasu<br>\u2022 <strong>pewno\u015b\u0107 siebie \/ emocjonalno\u015b\u0107 <\/strong>-> wyregulowa\u0107 sfer\u0119 emocjonaln\u0105 \/ pozytywne postrzeganie siebie<br>\u2022 <strong>kompetencje spo\u0142eczne <\/strong>-> wp\u0142yn\u0105\u0107 na popraw\u0119 relacji interpersonalnych i spo\u0142ecznych<\/p>\n\n\n\n<p>Dzieci powinny by\u0107 wychowywane z mi\u0142o\u015bci\u0105, trosk\u0105 i uwag\u0105, jednak opart\u0105 na zdrowym rozs\u0105dku. Nie mo\u017cemy ingerowa\u0107 w niekt\u00f3re sfery ich \u017cycia, ani nie mo\u017cemy by\u0107 odpowiedzialni za ich obowi\u0105zki. W przeciwnym wypadku wyrosn\u0105 w prze\u015bwiadczeniu, \u017ce brak im kompetencji i \u017ce musz\u0105 by\u0107 od kogo\u015b zale\u017cni..<\/p>\n\n\n\n<p>A przecie\u017c nasze intencje s\u0105 dok\u0142adnie odwrotne..<\/p>\n","protected":false},"excerpt":{"rendered":"<p>Integracja Sensoryczna jest to proces, w kt\u00f3rym m\u00f3zg organizuje docieraj\u0105ce do niego informacje p\u0142yn\u0105ce z cia\u0142a i \u015brodowiska, po czym wysy\u0142a odpowiedni\u0105 reakcj\u0119. Zmys\u0142y podstawowe dla integracji sensorycznej (dotyk, r\u00f3wnowaga oraz czucie cia\u0142a) maj\u0105 zasadnicze znaczenie w naszym codziennym funkcjonowaniu. &hellip; <\/p>\n","protected":false},"author":3,"featured_media":0,"parent":0,"menu_order":0,"comment_status":"closed","ping_status":"closed","template":"","meta":{"footnotes":""},"class_list":["post-543","page","type-page","status-publish","hentry"],"_links":{"self":[{"href":"https:\/\/motylemontessori.pl\/index.php?rest_route=\/wp\/v2\/pages\/543","targetHints":{"allow":["GET"]}}],"collection":[{"href":"https:\/\/motylemontessori.pl\/index.php?rest_route=\/wp\/v2\/pages"}],"about":[{"href":"https:\/\/motylemontessori.pl\/index.php?rest_route=\/wp\/v2\/types\/page"}],"author":[{"embeddable":true,"href":"https:\/\/motylemontessori.pl\/index.php?rest_route=\/wp\/v2\/users\/3"}],"replies":[{"embeddable":true,"href":"https:\/\/motylemontessori.pl\/index.php?rest_route=%2Fwp%2Fv2%2Fcomments&post=543"}],"version-history":[{"count":2,"href":"https:\/\/motylemontessori.pl\/index.php?rest_route=\/wp\/v2\/pages\/543\/revisions"}],"predecessor-version":[{"id":603,"href":"https:\/\/motylemontessori.pl\/index.php?rest_route=\/wp\/v2\/pages\/543\/revisions\/603"}],"wp:attachment":[{"href":"https:\/\/motylemontessori.pl\/index.php?rest_route=%2Fwp%2Fv2%2Fmedia&parent=543"}],"curies":[{"name":"wp","href":"https:\/\/api.w.org\/{rel}","templated":true}]}}