{"id":539,"date":"2022-10-23T15:49:08","date_gmt":"2022-10-23T15:49:08","guid":{"rendered":"https:\/\/motylemontessori.pl\/?page_id=539"},"modified":"2022-10-23T16:06:17","modified_gmt":"2022-10-23T16:06:17","slug":"pedagogika-marii-montessori","status":"publish","type":"page","link":"https:\/\/motylemontessori.pl\/?page_id=539","title":{"rendered":"Pedagogika Marii Montessori"},"content":{"rendered":"\n<p><strong>Najwa\u017cniejsze zasady<\/strong><\/p>\n\n\n\n<p>Dzieci powinny mie\u0107 mo\u017cliwo\u015b\u0107 swobodnej pracy z wybranymi przez siebie materia\u0142ami. Maj\u0105 one wrodzon\u0105 ch\u0119\u0107 do nauki, dlatego nie warto ich zmusza\u0107 do konkretnych dzia\u0142a\u0144. Bardzo wa\u017cne jest, aby dziecko pracowa\u0142o w zgodzie z w\u0142asnymi mo\u017cliwo\u015bciami i swoim w\u0142asnym tempem. My jako nauczyciele jeste\u015bmy po to,  aby proponowa\u0107 mu pomoce i wspomaga\u0107 jego ch\u0119\u0107 do rozwoju. Poza tym, skupiaj\u0105c si\u0119 na mocnych stronach dziecka, mo\u017cemy je rozwijaj\u0105 i wspiera\u0107 dziecko w ca\u0142ym procesie edukacji. Ka\u017cde dziecko jest z refleksj\u0105 obserwowane, aby mo\u017cna by\u0142o stworzy\u0107 dla niego jak najodpowiedniejszy program rozwoju. Mottem naszej pracy jest z dzie\u0107mi jest, niewypowiedziane przez maluchy: &#8222;Pom\u00f3\u017c mi samemu to zrobi\u0107&#8221;  i wspieranie rozwoju m\u0142odego cz\u0142owieka, aby stworzy\u0107 mu r\u00f3wne warunki rozwoju i odkrywania uzdolnie\u0144.<\/p>\n\n\n\n<p><strong>G\u0142\u00f3wne cele pedagogiki montesoria\u0144skiej<\/strong><\/p>\n\n\n\n<ul class=\"wp-block-list\"><li>rozwijanie samodzielno\u015bci i wiary we w\u0142asne si\u0142y<\/li><li>wypracowanie szacunku do porz\u0105dku i pracy<\/li><li>wypracowanie zami\u0142owania do ciszy oraz do pracy indywidualnej i zbiorowej w tej atmosferze<\/li><li>osi\u0105ganie d\u0142ugotrwa\u0142ej koncentracji nad wykonywanym zadaniem<\/li><li>formowanie postaw wzajemnej pomocy bez rywalizacji<\/li><li>szacunek dla pracy innych<\/li><li>rozwijanie indywidualnych uzdolnie\u0144 i umiej\u0119tno\u015bci wsp\u00f3\u0142pracy<\/li><li>branie odpowiedzialno\u015bci za swoje s\u0142owa i czyny<\/li><\/ul>\n\n\n\n<p><strong>Wra\u017cliwe fazy<\/strong><\/p>\n\n\n\n<p>Montessori wyr\u00f3\u017cnia wra\u017cliwe fazy, nazywane r\u00f3wnie\u017c wra\u017cliwymi okresami, przystosowania okre\u015blonych podstawowych umiej\u0119tno\u015bci. Podczas tych faz dziecko interesuje si\u0119 tylko jednym elementem ze \u015brodowiska zewn\u0119trznego, z wy\u0142\u0105czeniem pozosta\u0142ych. Dziecko w naturalny dla siebie spos\u00f3b wielokrotnie powtarza okre\u015blone umiej\u0119tno\u015bci, by je przyswoi\u0107.<\/p>\n\n\n\n<p>Poszczeg\u00f3lne fazy charakteryzuj\u0105 si\u0119 tym, \u017ce umys\u0142 dziecka bardzo dobrze przyswaja okre\u015blone elementy przydatne w nauce. Jak pisze Maria Montessori, \u201eod tego czasu wszystko staje si\u0119 dla niego \u0142atwe, \u017cywe i zachwycaj\u0105ce\u201d. Podkre\u015bla r\u00f3wnie\u017c, \u017ce wa\u017cna jest zgodno\u015b\u0107 mi\u0119dzy wychowaniem i \u015brodowiskiem a faz\u0105 wra\u017cliwo\u015bci. Gdy minie okres szczeg\u00f3lnej ch\u0142onno\u015bci, osi\u0105gni\u0119cia staj\u0105 si\u0119 wynikiem pracy \u017cmudnej, zwi\u0105zanej z wysi\u0142kiem i nak\u0142adem si\u0142y woli. Ten czas najwi\u0119kszego potencja\u0142u rozwojowego danej funkcji, psychicznej czy fizycznej, umo\u017cliwia jej wykszta\u0142cenie w jak najpe\u0142niejszy spos\u00f3b.<\/p>\n\n\n\n<hr class=\"wp-block-separator has-alpha-channel-opacity\"\/>\n\n\n\n<p>Pedagogika Montessori jest wynikiem pracy i wieloletnich obserwacji zachowa\u0144 dzieci. Autork\u0105 tej metody jest Maria Motessori (1870 -1952), pierwsza we W\u0142oszech kobieta lekarz, doktor psychiatrii i antropolog. U podstaw jej metody le\u017cy g\u0142\u0119boki szacunek do ka\u017cdego dziecka, jego naturalnej indywidualno\u015bci, nastawienie na rozw\u00f3j fizyczny, umys\u0142owy, duchowy i emocjonalny ma\u0142ego cz\u0142owieka, mi\u0142o\u015b\u0107 do \u015bwiata i \u017cycia w og\u00f3le. Odkrycie Montessori wnios\u0142o bardzo wa\u017cne dla rozwoju dziecka warto\u015bci edukacyjne.<br>Wszystkie dzieci od urodzenia nastawione s\u0105 na w\u0142asny rozw\u00f3j, na osi\u0105gni\u0119cie niezale\u017cno\u015bci i przej\u015bcie od dzieci\u0144stwa do doros\u0142o\u015bci.<\/p>\n","protected":false},"excerpt":{"rendered":"<p>Najwa\u017cniejsze zasady Dzieci powinny mie\u0107 mo\u017cliwo\u015b\u0107 swobodnej pracy z wybranymi przez siebie materia\u0142ami. Maj\u0105 one wrodzon\u0105 ch\u0119\u0107 do nauki, dlatego nie warto ich zmusza\u0107 do konkretnych dzia\u0142a\u0144. Bardzo wa\u017cne jest, aby dziecko pracowa\u0142o w zgodzie z w\u0142asnymi mo\u017cliwo\u015bciami i swoim &hellip; <\/p>\n","protected":false},"author":3,"featured_media":0,"parent":0,"menu_order":0,"comment_status":"closed","ping_status":"closed","template":"","meta":{"footnotes":""},"class_list":["post-539","page","type-page","status-publish","hentry"],"_links":{"self":[{"href":"https:\/\/motylemontessori.pl\/index.php?rest_route=\/wp\/v2\/pages\/539","targetHints":{"allow":["GET"]}}],"collection":[{"href":"https:\/\/motylemontessori.pl\/index.php?rest_route=\/wp\/v2\/pages"}],"about":[{"href":"https:\/\/motylemontessori.pl\/index.php?rest_route=\/wp\/v2\/types\/page"}],"author":[{"embeddable":true,"href":"https:\/\/motylemontessori.pl\/index.php?rest_route=\/wp\/v2\/users\/3"}],"replies":[{"embeddable":true,"href":"https:\/\/motylemontessori.pl\/index.php?rest_route=%2Fwp%2Fv2%2Fcomments&post=539"}],"version-history":[{"count":4,"href":"https:\/\/motylemontessori.pl\/index.php?rest_route=\/wp\/v2\/pages\/539\/revisions"}],"predecessor-version":[{"id":599,"href":"https:\/\/motylemontessori.pl\/index.php?rest_route=\/wp\/v2\/pages\/539\/revisions\/599"}],"wp:attachment":[{"href":"https:\/\/motylemontessori.pl\/index.php?rest_route=%2Fwp%2Fv2%2Fmedia&parent=539"}],"curies":[{"name":"wp","href":"https:\/\/api.w.org\/{rel}","templated":true}]}}